der when 238 is divided by 64.
46
Calculate the remainder when 1587 is divided by 27.
21
What is the remainder when 93 is divided by 16?
13
What is the remainder when 4691 is divided by 17?
16
What is the remainder when 1066 is divided by 11?
10
What is the remainder when 24426 is divided by 16?
10
What is the remainder when 312 is divided by 63?
60
What is the remainder when 1297 is divided by 163?
156
What is the remainder when 74 is divided by 20?
14
What is the remainder when 1716 is divided by 13?
0
What is the remainder when 291 is divided by 14?
11
Calculate the remainder when 607 is divided by 87.
85
Calculate the remainder when 210 is divided by 61.
27
What is the remainder when 164 is divided by 13?
8
Calculate the remainder when 237 is divided by 131.
106
What is the remainder when 1092 is divided by 375?
342
What is the remainder when 271 is divided by 17?
16
Calculate the remainder when 173 is divided by 61.
51
Calculate the remainder when 179 is divided by 42.
11
Calculate the remainder when 112 is divided by 5.
2
Calculate the remainder when 176 is divided by 36.
32
Calculate the remainder when 402 is divided by 102.
96
Calculate the remainder when 960 is divided by 74.
72
Calculate the remainder when 786 is divided by 71.
5
Calculate the remainder when 47 is divided by 8.
7
Calculate the remainder when 15762 is divided by 24.
18
Calculate the remainder when 590 is divided by 86.
74
Calculate the remainder when 73 is divided by 66.
7
What is the remainder when 405 is divided by 14?
13
What is the remainder when 269 is divided by 15?
14
Calculate the remainder when 43 is divided by 31.
12
Calculate the remainder when 2471 is divided by 9.
5
What is the remainder when 484 is divided by 293?
191
What is the remainder when 98 is divided by 34?
30
What is the remainder when 315 is divided by 9?
0
What is the remainder when 2469 is divided by 819?
12
Calculate the remainder when 579 is divided by 142.
11
Calculate the remainder when 58047 is divided by 50.
47
Calculate the remainder when 2265 is divided by 54.
51
What is the remainder when 1092 is divided by 15?
12
Calculate the remainder when 19293 is divided by 134.
131
What is the remainder when 540 is divided by 21?
15
Calculate the remainder when 486 is divided by 87.
51
Calculate the remainder when 1229 is divided by 30.
29
Calculate the remainder when 767 is divided by 14.
11
What is the remainder when 146 is divided by 10?
6
Calculate the remainder when 959 is divided by 107.
103
Calculate the remainder when 159 is divided by 34.
23
Calculate the remainder when 286 is divided by 55.
11
What is the remainder when 41 is divided by 22?
19
Calculate the remainder when 1321 is divided by 9.
7
Calculate the remainder when 325 is divided by 123.
79
Calculate the remainder when 717 is divided by 126.
87
What is the remainder when 683 is divided by 199?
86
Calculate the remainder when 2988 is divided by 49.
48
What is the remainder when 122 is divided by 77?
45
What is the remainder when 65 is divided by 36?
29
What is the remainder when 360 is divided by 73?
68
What is the remainder when 418 is divided by 84?
82
Calculate the remainder when 53 is divided by 11.
9
Calculate the remainder when 29 is divided by 10.
9
Calculate the remainder when 219 is divided by 17.
15
Calculate the remainder when 15354 is divided by 128.
122
What is the remainder when 698 is divided by 42?
26
What is the remainder when 1440 is divided by 207?
198
Calculate the remainder when 1075 is divided by 14.
11
Calculate the remainder when 4662 is divided by 59.
1
What is the remainder when 7790 is divided by 21?
20
Calculate the remainder when 246 is divided by 68.
42
Calculate the remainder when 1120 is divided by 162.
148
Calculate the remainder when 249 is divided by 71.
36
Calculate the remainder when 7226 is divided by 73.
72
What is the remainder when 5090 is divided by 56?
50
What is the remainder when 59 is divided by 22?
15
Calculate the remainder when 63 is divided by 31.
1
What is the remainder when 327 is divided by 104?
15
Calculate the remainder when 2847 is divided by 16.
15
Calculate the remainder when 2281 is divided by 379.
7
What is the remainder when 296 is divided by 25?
21
What is the remainder when 219 is divided by 76?
67
What is the remainder when 168 is divided by 17?
15
Calculate the remainder when 99 is divided by 71.
28
Calculate the remainder when 3376 is divided by 31.
28
Calculate the remainder when 1011 is divided by 73.
62
Calculate the remainder when 19222 is divided by 178.
176
Calculate the remainder when 206 is divided by 52.
50
What is the remainder when 358 is divided by 175?
8
Calculate the remainder when 3478 is divided by 232.
230
What is the remainder when 318 is divided by 158?
2
What is the remainder when 90 is divided by 69?
21
What is the remainder when 13685 is divided by 236?
233
What is the remainder when 411 is divided by 215?
196
What is the remainder when 1755 is divided by 582?
9
Calculate the remainder when 62 is divided by 16.
14
What is the remainder when 838 is divided by 14?
12
What is the remainder when 153 is divided by 13?
10
Calculate the remainder when 48378 is divided by 20.
18
What is the remainder when 10 is divided by 4?
2
Calculate the remainder when 1278 is divided by 3.
0
Calculate the remainder when 573 is divided by 91.
27
Calculate the remainder when 406 is divided by 106.
88
Calculate the remainder when 119 is divided by 31.
26
What is the remainder when 74 is divided by 19?
17
What is the remainder when 63410 is divided by 23?
22
What is the remainder when 393 is divided by 21?
15
Calculate the remainder when 249 is divided by 42.
39
Calculate the remainder when 98 is divided by 51.
47
What is the remainder when 474 is divided by 156?
6
Calculate the remainder when 5667 is divided by 435.
12
What is the remainder when 68 is divided by 51?
17
What is the remainder when 983 is divided by 21?
17
What is the remainder when 356 is divided by 101?
53
Calculate the remainder when 1013 is divided by 461.
91
Calculate the remainder when 1673 is divided by 93.
92
Calculate the remainder when 769 is divided by 79.
58
What is the remainder when 341 is divided by 103?
32
Calculate the remainder when 4064 is divided by 1353.
5
What is the remainder when 183 is divided by 17?
13
Calculate the remainder when 381 is divided by 96.
93
Calculate the remainder when 3236 is divided by 83.
82
What is the remainder when 143 is divided by 50?
43
What is the remainder when 3230 is divided by 30?
20
Calculate the remainder when 631 is divided by 159.
154
What is the remainder when 232 is divided by 117?
115
Calculate the remainder when 374 is divided by 75.
74
What is the remainder when 530 is divided by 66?
2
What is the remainder when 1187 is divided by 54?
53
What is the remainder when 15663 is divided by 11?
10
Calculate the remainder when 27 is divided by 14.
13
What is the remainder when 2197 is divided by 71?
67
What is the remainder when 2375 is divided by 119?
114
What is the remainder when 789 is divided by 767?
22
Calculate the remainder when 80 is divided by 23.
11
What is the remainder when 1456 is divided by 10?
6
What is the remainder when 124 is divided by 18?
16
What is the remainder when 492 is divided by 13?
11
Calculate the remainder when 54 is divided by 8.
6
Calculate the remainder when 848 is divided by 176.
144
What is the remainder when 215 is divided by 70?
5
What is the remainder when 1816 is divided by 73?
64
What is the remainder when 35 is divided by 6?
5
What is the remainder when 36 is divided by 36?
0
What is the remainder when 35 is divided by 6?
5
What is the remainder when 478 is divided by 13?
10
Calculate the remainder when 107 is divided by 5.
2
Calculate the remainder when 8209 is divided by 26.
19
Calculate the remainder when 29 is divided by 4.
1
Calculate the remainder when 215 is divided by 8.
7
What is the remainder when 582 is divided by 38?
12
Calculate the remainder when 2146 is divided by 318.
238
Calculate the remainder when 1929 is divided by 40.
9
Calculate the remainder when 410 is divided by 30.
20
What is the remainder when 149 is divided by 25?
24
Calculate the remainder when 721 is divided by 719.
2
C